{"id":3197,"date":"2025-10-28T22:31:46","date_gmt":"2025-10-28T21:31:46","guid":{"rendered":"https:\/\/elangr-chevilly.fr\/?page_id=3197"},"modified":"2025-10-28T22:32:03","modified_gmt":"2025-10-28T21:32:03","slug":"resultats-2024-2025","status":"publish","type":"page","link":"https:\/\/elangr-chevilly.fr\/index.php\/resultats-2024-2025\/","title":{"rendered":"R\u00e9sultats 2024-2025"},"content":{"rendered":"\n<p><\/p>\n\n\n\n<p><a href=\"#Indiv\">&#8211; Individuelles<\/a><br><a href=\"#Ensemble\">&#8211; Ensembles<\/a><\/p>\n\n\n\n<h2 class=\"wp-block-heading\" id=\"Indiv\">Individuelles<\/h2>\n\n\n\n<figure class=\"wp-block-table\"><table><tbody><tr><th>Gymnastes<\/th><th>Cat\u00e9gories<\/th><th>D\u00e9partement &#8211; VITRY-SUR-SEINE<\/th><th>Inter-D\u00e9partement &#8211; ARGENTEUIL<\/th><th>R\u00e9gion &#8211; CORBEIL \/ MORSANG SUR ORGE<\/th><th>Championnat de France &#8211; REIMS<\/th><\/tr><tr><td>Ameline GUIMBAUD<\/td><td>R\u00e9gionale A (14-15 ans)<\/td><td>4\/5<\/td><td>4\/31<\/td><td>&#8211;<\/td><td>&#8211;<\/td><\/tr><tr><td>Emma BELOUCIF<\/td><td>R\u00e9gionale A (14-15 ans)<\/td><td>5\/5<\/td><td>19\/31<\/td><td>&#8211;<\/td><td>&#8211;<\/td><\/tr><tr><td>Anna PRUNAK RUNGEARD<\/td><td>R\u00e9gionale A (16-17 ans)<\/td><td>12\/12<\/td><td>17\/23<\/td><td>&#8211;<\/td><td>&#8211;<\/td><\/tr><tr><td>Kelsie FORTIN<\/td><td>R\u00e9gionale A (16-17 ans)<\/td><td>8\/12<\/td><td>13\/23<\/td><td>&#8211;<\/td><td>&#8211;<\/td><\/tr><tr><td>Luthna BAZILE BODINEAU<\/td><td>R\u00e9gionale A (16-17 ans)<\/td><td>9\/12<\/td><td>16\/23<\/td><td>&#8211;<\/td><td>&#8211;<\/td><\/tr><tr><td>Sol\u00e8ne SALIBA<\/td><td>R\u00e9gionale A (16-17 ans)<\/td><td>11\/12<\/td><td>19\/23<\/td><td>&#8211;<\/td><td>&#8211;<\/td><\/tr><tr><td>Ambre VIDALI JUSTON<\/td><td>R\u00e9gionale A (18-21 ans)<\/td><td>4\/9<\/td><td><strong>3\/19<\/strong><\/td><td>&#8211;<\/td><td>&#8211;<\/td><\/tr><tr><td>Ana\u00eblle SALIBA<\/td><td>R\u00e9gionale A (18-21 ans)<\/td><td><strong>3\/9<\/strong><\/td><td>10\/19<\/td><td>&#8211;<\/td><td>&#8211;<\/td><\/tr><tr><td>Illona VANGEON<\/td><td>R\u00e9gionale A (18-21 ans)<\/td><td>5\/9<\/td><td>8\/19<\/td><td>&#8211;<\/td><td>&#8211;<\/td><\/tr><tr><td>Ir\u00e8ne GONZALEZ HERNANDEZ<\/td><td>R\u00e9gionale A (18-21 ans)<\/td><td>9\/9<\/td><td>9\/19<\/td><td>&#8211;<\/td><td>&#8211;<\/td><\/tr><tr><td>Lindsay MISSILOU<\/td><td>R\u00e9gionale A (18-21 ans)<\/td><td>8\/9<\/td><td>&#8211;<\/td><td>&#8211;<\/td><td>&#8211;<\/td><\/tr><tr><td>M\u00e9line CONSTANCE<\/td><td>R\u00e9gionale A (18-21 ans)<\/td><td><strong>2\/9<\/strong><\/td><td>4\/19<\/td><td>&#8211;<\/td><td>&#8211;<\/td><\/tr><tr><td>Marion MAZET<\/td><td>F\u00e9d\u00e9rale A (16-17 ans)<\/td><td>17\/19<\/td><td>36\/46<\/td><td>&#8211;<\/td><td>&#8211;<\/td><\/tr><\/tbody><\/table><\/figure>\n\n\n\n<h2 class=\"wp-block-heading\" id=\"Ensemble\">Ensembles<\/h2>\n\n\n\n<figure class=\"wp-block-table\"><table><tbody><tr><th>Cat\u00e9gories<\/th><th>D\u00e9partement &#8211; CHARENTON<\/th><th>Inter-D\u00e9partement &#8211;&nbsp;CHEVILLY-LARUE \/ RUNGIS<\/th><th>R\u00e9gion &#8211; EVRY \/ THIAIS<\/th><th>Championnat de France &#8211; CALAIS\/ RENNES<\/th><\/tr><tr><td>Ensemble R\u00e9gionale B (7-9 ans) (CHAMBOULAN &#8211; DIOU &#8211; GUISSOUSS &#8211; PHAN &#8211; RESIDANT EXILIE)<\/td><td>4\/5<\/td><td>5\/11<\/td><td>9\/18<\/td><td>&#8211;<\/td><\/tr><tr><td>Ensemble R\u00e9gionale Equipe 1 (10-11 ans) (AUCLAIR &#8211; SAMSON &#8211; SMAIL &#8211; TUZI &#8211; VIJAYARUPAN &#8211; ZHENG)<\/td><td>8\/9<\/td><td>5\/16<\/td><td>8\/19<\/td><td>&#8211;<\/td><\/tr><tr><td>Ensemble R\u00e9gionale Equipe 2 (10-11 ans) (BADAOUI &#8211; BOUDON &#8211; JOACHIMSTHALER &#8211; SANSBERRO &#8211; STANILA)<\/td><td>4\/9<\/td><td>13\/16<\/td><td>6\/19<\/td><td>&#8211;<\/td><\/tr><tr><td>Ensemble F\u00e9d\u00e9ral B (10-11 ans) (APREDA ESINGLE &#8211; GARNIER &#8211; GOTTUSI &#8211; MOHAMMEDI &#8211; MUSUNI BATISTA &#8211; VOLCOV)<\/td><td><strong>3\/4<\/strong><\/td><td>8\/10<\/td><td>5\/12<\/td><td>&#8211;<\/td><\/tr><tr><td>Ensemble F\u00e9d\u00e9rales C (12-13 ans) (ARNAUT &#8211; BAZILE BODINEAU &#8211; BOUCHU &#8211; GUISSOUSS &#8211; LE BRAS &#8211; LEVEQUE &#8211; PREUILH GBOCHO &#8211; SCHAMBOURG &#8211; VALENTE &#8211; VIEIRA SEMEDO)<\/td><td>4\/6<\/td><td><strong>2\/11<\/strong><\/td><td>18\/24<\/td><td>&#8211;<\/td><\/tr><tr><td>Ensemble F\u00e9d\u00e9rales C (14-15 ans) (BELOUCIF &#8211; CEREJO CONSTANTINO &#8211; GAY &#8211; GUIMBAUD &#8211; KULATA &#8211; MARCHAND &#8211; MASSON &#8211; QUEIROZ FERREIRA)<\/td><td>6\/7<\/td><td>4\/9<\/td><td><strong>7\/16<\/strong><\/td><td>21\/40<\/td><\/tr><tr><td>Ensemble R\u00e9gional B (16-17 ans) (FORTIN &#8211; LIEGHIO &#8211; PARICARD &#8211; SAHNOUN &#8211; PRUNAK RUNGEARD &#8211; SALIBA)<\/td><td>4\/6<\/td><td>6\/7<\/td><td>17\/20<\/td><td>&#8211;<\/td><\/tr><tr><td>Ensemble R\u00e9gional B (TC) (GONZALES HERNANDEZ &#8211; MISSILOU &#8211; SALIBA &#8211; VANGEON &#8211; VIDALI-JUSTON)<\/td><td><strong>3\/3<\/strong><\/td><td><strong>1\/6<\/strong><\/td><td>16\/20<\/td><td>&#8211;<\/td><\/tr><tr><td>Ensemble Duo F\u00e9d\u00e9rale A (TC) (CONSTANCE &#8211; PATIN)<\/td><td>4\/5<\/td><td>8\/19<\/td><td>13\/31<\/td><td>&#8211;<\/td><\/tr><\/tbody><\/table><\/figure>\n\n\n\n<p><a href=\"http:\/\/elangr-chevilly.fr\/index.php\/resultats-2023-2024\/\" target=\"_blank\" rel=\"noreferrer noopener\"><strong><br>Voir les r\u00e9sultats de la saison 2023\/2024<\/strong><\/a><br><a href=\"http:\/\/elangr-chevilly.fr\/index.php\/resultats-2022-2023\/\" target=\"_blank\" rel=\"noreferrer noopener\"><strong><br>Voir les r\u00e9sultats de la saison 2022\/2023<\/strong><\/a><br><a href=\"http:\/\/elangr-chevilly.fr\/index.php\/resultats-2021-2022\/\" target=\"_blank\" rel=\"noreferrer noopener\"><strong><br>Voir les r\u00e9sultats de la saison 2021\/2022<\/strong><\/a><br><a href=\"http:\/\/elangr-chevilly.fr\/index.php\/resultats-2019-2020\/\" target=\"_blank\" rel=\"noreferrer noopener\"><strong><br>Voir les r\u00e9sultats de la saison 2019\/2020<\/strong><\/a><br><a href=\"http:\/\/elangr-chevilly.fr\/index.php\/resultats-2018-2019\/\" target=\"_blank\" rel=\"noreferrer noopener\"><strong><br>Voir les r\u00e9sultats de la saison 2018\/2019<\/strong><\/a><\/p>\n","protected":false},"excerpt":{"rendered":"<p>&#8211; Individuelles&#8211; Ensembles Individuelles Gymnastes Cat\u00e9gories D\u00e9partement &#8211; VITRY-SUR-SEINE Inter-D\u00e9partement &#8211; ARGENTEUIL R\u00e9gion &#8211; CORBEIL \/ MORSANG SUR ORGE Championnat de France &#8211; REIMS Ameline GUIMBAUD R\u00e9gionale A (14-15 ans) 4\/5 4\/31 &#8211; &#8211; Emma BELOUCIF R\u00e9gionale A (14-15 ans) 5\/5 19\/31 &#8211; &#8211; Anna PRUNAK RUNGEARD R\u00e9gionale A (16-17 ans) 12\/12 17\/23 &#8211; &#8211;\u2026<\/p>\n","protected":false},"author":1,"featured_media":0,"parent":0,"menu_order":0,"comment_status":"closed","ping_status":"closed","template":"","meta":{"footnotes":""},"_links":{"self":[{"href":"https:\/\/elangr-chevilly.fr\/index.php\/wp-json\/wp\/v2\/pages\/3197"}],"collection":[{"href":"https:\/\/elangr-chevilly.fr\/index.php\/wp-json\/wp\/v2\/pages"}],"about":[{"href":"https:\/\/elangr-chevilly.fr\/index.php\/wp-json\/wp\/v2\/types\/page"}],"author":[{"embeddable":true,"href":"https:\/\/elangr-chevilly.fr\/index.php\/wp-json\/wp\/v2\/users\/1"}],"replies":[{"embeddable":true,"href":"https:\/\/elangr-chevilly.fr\/index.php\/wp-json\/wp\/v2\/comments?post=3197"}],"version-history":[{"count":2,"href":"https:\/\/elangr-chevilly.fr\/index.php\/wp-json\/wp\/v2\/pages\/3197\/revisions"}],"predecessor-version":[{"id":3200,"href":"https:\/\/elangr-chevilly.fr\/index.php\/wp-json\/wp\/v2\/pages\/3197\/revisions\/3200"}],"wp:attachment":[{"href":"https:\/\/elangr-chevilly.fr\/index.php\/wp-json\/wp\/v2\/media?parent=3197"}],"curies":[{"name":"wp","href":"https:\/\/api.w.org\/{rel}","templated":true}]}}