{"id":72,"date":"2018-02-02T14:38:11","date_gmt":"2018-02-02T13:38:11","guid":{"rendered":"http:\/\/elangr-chevilly.fr\/?page_id=72"},"modified":"2018-12-02T17:54:29","modified_gmt":"2018-12-02T16:54:29","slug":"actu","status":"publish","type":"page","link":"https:\/\/elangr-chevilly.fr\/index.php\/actu\/","title":{"rendered":"Actu"},"content":{"rendered":"<p>&nbsp;<\/p>\n<p><code class=\"php plain\"><ul class=\"display-posts-listing\"><li class=\"listing-item\"><a class=\"title\" href=\"https:\/\/elangr-chevilly.fr\/index.php\/2026\/04\/13\/resultats-competition-regionales-ensembles-fed-b-et-c\/\">R\u00e9sultats Comp\u00e9tition r\u00e9gionales ensembles Fed B et C<\/a><\/li><li class=\"listing-item\"><a class=\"title\" href=\"https:\/\/elangr-chevilly.fr\/index.php\/2026\/04\/06\/competition-regionale-serris\/\">Comp\u00e9tition r\u00e9gionale Serris<\/a><\/li><li class=\"listing-item\"><a class=\"title\" href=\"https:\/\/elangr-chevilly.fr\/index.php\/2026\/03\/28\/resultats-interdep-ensembles-corbeil-essonnes\/\">R\u00e9sultats Interdep Ensembles &#8211; Corbeil Essonnes<\/a><\/li><li class=\"listing-item\"><a class=\"title\" href=\"https:\/\/elangr-chevilly.fr\/index.php\/2026\/03\/16\/competition-interdepartementale-ensemble-corbeil-essonnes\/\">Comp\u00e9tition interd\u00e9partementale ensemble Corbeil-Essonnes<\/a><\/li><li class=\"listing-item\"><a class=\"title\" href=\"https:\/\/elangr-chevilly.fr\/index.php\/2026\/02\/16\/resultat-competition-departementale-ensemble-rungis\/\">R\u00e9sultat comp\u00e9tition d\u00e9partementale ensemble &#8211; Rungis<\/a><\/li><li class=\"listing-item\"><a class=\"title\" href=\"https:\/\/elangr-chevilly.fr\/index.php\/2026\/02\/10\/competition-departementale-ensemble\/\">Comp\u00e9tition d\u00e9partementale ensemble<\/a><\/li><li class=\"listing-item\"><a class=\"title\" href=\"https:\/\/elangr-chevilly.fr\/index.php\/2026\/02\/10\/interclub-3\/\">Interclub<\/a><\/li><li class=\"listing-item\"><a class=\"title\" href=\"https:\/\/elangr-chevilly.fr\/index.php\/2026\/02\/10\/coupe-formation-2\/\">Coupe Formation 2<\/a><\/li><li class=\"listing-item\"><a class=\"title\" href=\"https:\/\/elangr-chevilly.fr\/index.php\/2026\/02\/02\/coupe-formation-2-etape-1-accessgym\/\">Coupe Formation 2 Etape 1 &#038; Accessgym<\/a><\/li><li class=\"listing-item\"><a class=\"title\" href=\"https:\/\/elangr-chevilly.fr\/index.php\/2026\/01\/26\/gala-dhiver-2\/\">Gala d&rsquo;hiver<\/a><\/li><\/ul><\/code><\/p>\n<p>&nbsp;<\/p>\n<p><a href=\"http:\/\/elangr-chevilly.fr\/index.php\/category\/non-classe\/\" target=\"_blank\" rel=\"noopener\"><strong>Voir tous les articles ici<\/strong><\/a><\/p>\n","protected":false},"excerpt":{"rendered":"<p>&nbsp; &nbsp; Voir tous les articles ici<\/p>\n","protected":false},"author":1,"featured_media":0,"parent":0,"menu_order":0,"comment_status":"closed","ping_status":"closed","template":"","meta":{"footnotes":""},"_links":{"self":[{"href":"https:\/\/elangr-chevilly.fr\/index.php\/wp-json\/wp\/v2\/pages\/72"}],"collection":[{"href":"https:\/\/elangr-chevilly.fr\/index.php\/wp-json\/wp\/v2\/pages"}],"about":[{"href":"https:\/\/elangr-chevilly.fr\/index.php\/wp-json\/wp\/v2\/types\/page"}],"author":[{"embeddable":true,"href":"https:\/\/elangr-chevilly.fr\/index.php\/wp-json\/wp\/v2\/users\/1"}],"replies":[{"embeddable":true,"href":"https:\/\/elangr-chevilly.fr\/index.php\/wp-json\/wp\/v2\/comments?post=72"}],"version-history":[{"count":7,"href":"https:\/\/elangr-chevilly.fr\/index.php\/wp-json\/wp\/v2\/pages\/72\/revisions"}],"predecessor-version":[{"id":598,"href":"https:\/\/elangr-chevilly.fr\/index.php\/wp-json\/wp\/v2\/pages\/72\/revisions\/598"}],"wp:attachment":[{"href":"https:\/\/elangr-chevilly.fr\/index.php\/wp-json\/wp\/v2\/media?parent=72"}],"curies":[{"name":"wp","href":"https:\/\/api.w.org\/{rel}","templated":true}]}}

<p>&nbsp;</p>
<p><code class="php plain"><ul class="display-posts-listing"><li class="listing-item"><a class="title" href="https://elangr-chevilly.fr/index.php/2026/04/13/resultats-competition-regionales-ensembles-fed-b-et-c/">Résultats Compétition régionales ensembles Fed B et C</a></li><li class="listing-item"><a class="title" href="https://elangr-chevilly.fr/index.php/2026/04/06/competition-regionale-serris/">Compétition régionale Serris</a></li><li class="listing-item"><a class="title" href="https://elangr-chevilly.fr/index.php/2026/03/28/resultats-interdep-ensembles-corbeil-essonnes/">Résultats Interdep Ensembles &#8211; Corbeil Essonnes</a></li><li class="listing-item"><a class="title" href="https://elangr-chevilly.fr/index.php/2026/03/16/competition-interdepartementale-ensemble-corbeil-essonnes/">Compétition interdépartementale ensemble Corbeil-Essonnes</a></li><li class="listing-item"><a class="title" href="https://elangr-chevilly.fr/index.php/2026/02/16/resultat-competition-departementale-ensemble-rungis/">Résultat compétition départementale ensemble &#8211; Rungis</a></li><li class="listing-item"><a class="title" href="https://elangr-chevilly.fr/index.php/2026/02/10/competition-departementale-ensemble/">Compétition départementale ensemble</a></li><li class="listing-item"><a class="title" href="https://elangr-chevilly.fr/index.php/2026/02/10/interclub-3/">Interclub</a></li><li class="listing-item"><a class="title" href="https://elangr-chevilly.fr/index.php/2026/02/10/coupe-formation-2/">Coupe Formation 2</a></li><li class="listing-item"><a class="title" href="https://elangr-chevilly.fr/index.php/2026/02/02/coupe-formation-2-etape-1-accessgym/">Coupe Formation 2 Etape 1 &#038; Accessgym</a></li><li class="listing-item"><a class="title" href="https://elangr-chevilly.fr/index.php/2026/01/26/gala-dhiver-2/">Gala d&rsquo;hiver</a></li></ul></code></p>
<p>&nbsp;</p>
<p><a href="http://elangr-chevilly.fr/index.php/category/non-classe/" target="_blank" rel="noopener"><strong>Voir tous les articles ici</strong></a></p>
