{"id":78,"date":"2018-02-02T14:38:36","date_gmt":"2018-02-02T13:38:36","guid":{"rendered":"http:\/\/elangr-chevilly.fr\/?page_id=78"},"modified":"2025-10-28T21:56:02","modified_gmt":"2025-10-28T20:56:02","slug":"stages","status":"publish","type":"page","link":"https:\/\/elangr-chevilly.fr\/index.php\/stages\/","title":{"rendered":"Stages"},"content":{"rendered":"<h3 style=\"text-align: center;\">Calendrier 2025 &#8211; 2026<\/h3>\n<ul>\n<li style=\"list-style-type: none;\">\n<ul>\n<li><span class=\"souligne\" style=\"color: #1815f7;\">PRE-RENTREE (Individuelle)\u00a0<\/span>: A partir du Lundi 1er Septembre 2025<\/li>\n<\/ul>\n<\/li>\n<\/ul>\n<ul>\n<li style=\"list-style-type: none;\">\n<ul>\n<li><span class=\"souligne\" style=\"color: #f715db;\">TOUSSAINT (Comp\u00e9tition)\u00a0<\/span>: Du Lundi 20 Octobre au Vendredi 24 Octobre 2025<br \/>\n<span class=\"gras purple\">Horaires: <\/span><\/p>\n<ul>\n<li>Lundi au Vendredi =&gt; (horaire \u00e0 d\u00e9finir)<\/li>\n<\/ul>\n<p><span class=\"gras purple\">Lieu:<\/span> Gymnase Lilian Thuram<\/li>\n<\/ul>\n<\/li>\n<\/ul>\n<ul>\n<li style=\"list-style-type: none;\">\n<ul>\n<li><span class=\"souligne\" style=\"color: #ff7600;\"> TOUSSAINT (Loisirs)\u00a0<\/span>: Samedi 26 Octobre 2024<br \/>\n<span class=\"gras purple\">Horaires: <\/span><\/p>\n<ul>\n<li>Journ\u00e9e enti\u00e8re (10h00 &#8211;  16h00)<\/li>\n<\/ul>\n<p><span class=\"gras purple\"> Lieu:<\/span> Gymnase L\u00e9o Lagrange<\/li>\n<\/ul>\n<\/li>\n<\/ul>\n<ul>\n<li style=\"list-style-type: none;\">\n<ul>\n<li><span class=\"souligne\" style=\"color: #f715db;\"> HIVER (Comp\u00e9tition)\u00a0<\/span>: Du Lundi 23 F\u00e9vrier au Vendredi 27 F\u00e9vrier 2026<br \/>\n<span class=\"gras purple\">Horaires: <\/span><\/p>\n<ul>\n<li>Lundi au vendredi\u00a0 =&gt; (horaire \u00e0 d\u00e9finir)<\/li>\n<\/ul>\n<p><span class=\"gras purple\"> Lieu:<\/span> Gymnase Lilian Thuram<\/li>\n<\/ul>\n<\/li>\n<\/ul>\n<ul>\n<li style=\"list-style-type: none;\"><\/li>\n<\/ul>\n<ul>\n<li style=\"list-style-type: none;\">\n<ul>\n<li><span class=\"souligne\" style=\"color: #ff7600;\"> HIVER (Loisirs) <\/span>:\u00a0 Samedi 28 F\u00e9vrier 2026<br \/>\n<span class=\"gras purple\">Horaires: <\/span><\/p>\n<ul>\n<li>Journ\u00e9e enti\u00e8re (10h00 &#8211;  16h00)<\/li>\n<\/ul>\n<p><span class=\"gras purple\"> Lieu:<\/span> Gymnase L\u00e9o Lagrange<\/li>\n<\/ul>\n<\/li>\n<\/ul>\n<ul>\n<li style=\"list-style-type: none;\">\n<ul>\n<li><span class=\"souligne\" style=\"color: #f715db;\"> P\u00c2QUES (Comp\u00e9tition)\u00a0<\/span>: Du Lundi 20 Avril au Vendredi 24 Avril 2026<br \/>\n<span class=\"gras purple\">Horaires: <\/span><\/p>\n<ul>\n<li>Lundi au vendredi\u00a0(horaire \u00e0 d\u00e9finir)<\/li>\n<\/ul>\n<p><span class=\"gras purple\">Lieu:<\/span> Gymnase Lilian Thuram<\/li>\n<\/ul>\n<\/li>\n<\/ul>\n<ul>\n<li style=\"list-style-type: none;\"><\/li>\n<\/ul>\n<ul>\n<li style=\"list-style-type: none;\">\n<ul>\n<li><span class=\"souligne\" style=\"color: #ff7600;\"> P\u00c2QUES (Loisirs) <\/span>: Samedi 25 Avril 2026<br \/>\n<span class=\"gras purple\">Horaires: <\/span><\/p>\n<ul>\n<li>Lundi au vendredi (10h00 &#8211;  16h00)<\/li>\n<\/ul>\n<p><span class=\"gras purple\"> Lieu:<\/span> Gymnase L\u00e9o Lagrange<\/li>\n<\/ul>\n<\/li>\n<\/ul>\n","protected":false},"excerpt":{"rendered":"<p>Calendrier 2025 &#8211; 2026 PRE-RENTREE (Individuelle)\u00a0: A partir du Lundi 1er Septembre 2025 TOUSSAINT (Comp\u00e9tition)\u00a0: Du Lundi 20 Octobre au Vendredi 24 Octobre 2025 Horaires: Lundi au Vendredi =&gt; (horaire \u00e0 d\u00e9finir) Lieu: Gymnase Lilian Thuram TOUSSAINT (Loisirs)\u00a0: Samedi 26 Octobre 2024 Horaires: Journ\u00e9e enti\u00e8re (10h00 &#8211; 16h00) Lieu: Gymnase L\u00e9o Lagrange HIVER (Comp\u00e9tition)\u00a0: Du\u2026<\/p>\n","protected":false},"author":1,"featured_media":0,"parent":0,"menu_order":0,"comment_status":"closed","ping_status":"closed","template":"","meta":{"footnotes":""},"_links":{"self":[{"href":"https:\/\/elangr-chevilly.fr\/index.php\/wp-json\/wp\/v2\/pages\/78"}],"collection":[{"href":"https:\/\/elangr-chevilly.fr\/index.php\/wp-json\/wp\/v2\/pages"}],"about":[{"href":"https:\/\/elangr-chevilly.fr\/index.php\/wp-json\/wp\/v2\/types\/page"}],"author":[{"embeddable":true,"href":"https:\/\/elangr-chevilly.fr\/index.php\/wp-json\/wp\/v2\/users\/1"}],"replies":[{"embeddable":true,"href":"https:\/\/elangr-chevilly.fr\/index.php\/wp-json\/wp\/v2\/comments?post=78"}],"version-history":[{"count":40,"href":"https:\/\/elangr-chevilly.fr\/index.php\/wp-json\/wp\/v2\/pages\/78\/revisions"}],"predecessor-version":[{"id":3191,"href":"https:\/\/elangr-chevilly.fr\/index.php\/wp-json\/wp\/v2\/pages\/78\/revisions\/3191"}],"wp:attachment":[{"href":"https:\/\/elangr-chevilly.fr\/index.php\/wp-json\/wp\/v2\/media?parent=78"}],"curies":[{"name":"wp","href":"https:\/\/api.w.org\/{rel}","templated":true}]}}